(14 + -9 + -16).
1
Evaluate -5 - (-4 + 0 + -6 + 3).
2
-4 - (-6 - (4 - 3))
3
Calculate 0 + (3 - 3 - (0 + -3)).
3
What is (-2 - (2 + -2)) + 7?
5
Calculate -6 + (-5 - -6) - -10 - 6.
-1
Calculate (-3 - (-7 - 2)) + (-9 - -13).
10
Evaluate -14 - -12 - ((-2 - 0) + -4).
4
Evaluate -6 + 6 - (-1 + 0) - -3.
4
What is (5 - 5) + -5 + 3?
-2
Evaluate -1 + 4 + 1 + -3.
1
Calculate (9 - -1) + -6 - (3 + 0).
1
What is the value of (3 - 3) + 2 + 1 - -1?
4
What is -11 + 7 + (2 - (11 - 6))?
-7
Calculate (0 - 6 - -1) + 81 + -77.
-1
3 + 2 - (7 + 2)
-4
What is (6 - 9) + (3 - 3) + 2?
-1
Evaluate 2 - (4 + -1) - (7 + -4).
-4
5 + 5 + (-7 - -2) - 4
1
Evaluate 10 + -7 + -7 - (0 + -10).
6
0 + -1 + 0 + -9 + 7
-3
Calculate 11 - (10 + -12) - 12.
1
7 + (4 - (6 - -3))
2
What is 8 + (0 - -5) + -10?
3
What is the value of 8 - 2 - 1 - (7 - 6)?
4
2 + 3 + (-12 - -5)
-2
What is the value of 8 + -1 - 1 - 6?
0
Evaluate 2 - (8 + 3 + (-9 - -3)).
-3
Evaluate 2 + -5 - (7 + -6 + -2).
-2
Calculate -8 + 1 + -4 + 7 + -1.
-5
Evaluate (-16 - -9) + (4 - -2).
-1
(2 + -9 - (1 + -3)) + 6
1
What is the value of -8 + 8 + 1 + (0 - 2)?
-1
2 - (6 - (5 - (7 - 4)))
-2
What is -1 - 1 - (4 - 6)?
0
Evaluate (-4 - (0 - 6)) + (13 - 10).
5
What is the value of 5 + -13 - -2 - -2?
-4
-1 - ((0 - (-3 + 7)) + 2)
1
What is 8 + 0 + -1 - (536 - 537)?
8
What is -6 - (-10 + 5) - 6 - 3?
-10
-63 - -61 - ((0 - 1) + -1)
0
What is the value of 4 - (-6 + (5 - -4))?
1
What is -2 - (-2 - -3) - 2?
-5
What is the value of -2 - 4 - ((2 - -1) + -6)?
-3
What is the value of (-1 - -7) + -3 + 1 + -1?
3
Calculate 7 + 2 + -2 - 2.
5
Evaluate 5 + -8 + 2 + (1 - 8).
-8
What is the value of (7 + -7 - 4) + 6?
2
3 + (3 - 2 - 1)
3
-1 - ((-1 - -1) + (-1 - -3))
-3
Evaluate -3 + 4 + (4 - 8) - 5.
-8
Evaluate 0 + -5 + (5 - 0).
0
Evaluate 8 + (2 - 2) - 4.
4
(7 - 0) + (-7 - -2 - -2)
4
Calculate -9 - -8 - (1 - -1).
-3
5 - 1 - (10 + -2 - -1)
-5
Evaluate 21 + -36 + 9 + (0 - -1).
-5
Evaluate -4 + 5 + (-4 - -1).
-2
Evaluate 1 - (2 - 0 - (-1 - 0)).
-2
What is (10 - (13 + -6)) + -2?
1
Calculate -9 - -1 - (-41 - -31).
2
What is the value of 0 + -4 + 3 - 1?
-2
3 + (-8 - 1 - -4)
-2
28 + -27 + 0 + 1
2
What is 3 - (-1 + (4 - (1 + -1)))?
0
What is the value of -1 + 9 + 8 + -9?
7
What is -1 + -1 + 3 + 1?
2
What is the value of 3 - 0 - (2 + 1) - 1?
-1
Calculate 4 + 0 + -1 + 3 + -2.
4
Evaluate -6 + (-2 - 1 - (-1 + -14)).
6
Evaluate (8 - -2) + -8 - (1 + 1).
0
Evaluate 0 + (-4 + 0 - (0 + 0)).
-4
(-3 - 1) + 5 + -3
-2
-1 - ((3 - 3) + -4 + 8)
-5
Calculate (11 - 3 - 0) + -2 + 1.
7
Calculate 7 + (5 - 20) + 1 + 3.
-4
Calculate 3 - (14 + -4) - (5 + -4).
-8
What is the value of 2 + 5 + -16 + 11?
2
Calculate -4 - (-16 - -6) - (-2 - -5).
3
What is the value of 2 - (-1 - 3 - (-1 - 4))?
1
What is the value of -3 + (-1 + -2 - -10) + 4?
8
What is the value of 3 + 0 - (-1 + (6 - -2))?
-4
Calculate 0 + -7 + 2 + 1 + 1.
-3
What is 7 - (-2 + 11 + -5)?
3
Calculate (-22 - -38) + -2 + -11.
3
((-5 - -2) + 6 - 10) + 4
-3
Evaluate 2 + (-6 - (0 + 2)).
-6
(-11 - (-18 + 2)) + -2
3
What is -16 + 11 + 3 + (-2 - -1)?
-3
What is -2 - ((5 - 1) + 14 + -25)?
5
What is -3 + 7 - (11 + -6 + -5)?
4
Evaluate 3 + -10 + -1 - (23 - 23).
-8
Calculate 5 + -7 + -4 + 6.
0
Evaluate -11 + (8 - 3) + 13 - 10.
-3
Evaluate 2 + 1 + 2 + -1.
4
Calculate 3 + (-2 - 3) - -1.
-1
0 + -5 + (-9 - -7 - -11)
4
What is 9 + (-1 - 1) - 1?
6
What is the value of -1 - -2 - (3 + 1 - 1)?
-2
What is 4 + -2 + -3 + 0 + -4?
-5
What is the value of -4 - (12 + -12 - (-1 + 1))?
-4
7 - (0 - -5) - 11
-9
What is 101 + -103 + (0 - 0)?
-2
What is the value of -10 + (-2 - -14) - (7 - 2)?
-3
-5 - (-5 + 0) - 5
-5
Evaluate -6 + -2 - (1 + 0).
-9
What is the value of 10 - (8 - 1) - (0 + -5)?
8
What is the value of -54 + 52 + -2 + -6 + 2?
-8
-4 - -6 - -3 - (0 - -2)
3
-8 + 2 - (-8 + 6)
-4
What is -1 + (-6 - (2 + -13))?
4
Calculate -1 + 1 + -4 + (21 - 20).
-3
Calculate 2 - -1 - (-3 + 5) - -3.
4
Evaluate -8 + 9 + -7 - (0 + -1).
-5
What is the value of -7 + 4 + (10 - 5)?
2
Evaluate 0 + (-3 - (-2 - (2 - 2))).
-1
(-2 - (12 - 25)) + 0 + -2
9
Evaluate 0 + 1 + -3 + 0.
-2
-2 + (5 + -6 - 2)
-5
What is the value of -1 + -5 + 6 - (5 + 2)?
-7
Calculate 0 + 0 + (-3 + 2 - -4).
3
What is the value of (-1 - 11) + 10 - (-10 + 1)?
7
What is the value of (9 - -3) + -6 + -1?
5
Evaluate -4 + -10 + 12 - (-6 - 0).
4
What is -10 - -1 - (-22 + 16)?
-3
6 - ((-7 - (-12 + -3)) + -4)
2
Calculate 5 + 5 + -1 + -7 + 3.
5
Evaluate -7 - (-4 - -3) - 4 - -4.
-6
-5 + (3 - (4 + 0)) + -1
-7
Calculate (1 - -1) + 25 + -25.
2
Evaluate (5 - 1) + (8 - (9 + 3)).
0
Evaluate 8 + (4 - (4 + -2)).
10
Calculate (11 + -16 - 9) + 3 + 1.
-10
4 + (2 - 0 - 6) + -1
-1
Evaluate -7 - ((0 - 4) + -1).
-2
Evaluate 1 - 2 - (0 + 2) - -4.
1
-1 + 1 + (-4 - -6)
2
Calculate 0 + (2 - 6) + 0 + 3.
-1
-10 - -14 - (-3 + (-1 - -3))
5
Calculate 9 - 0 - 4 - 0.
5
What is the value of -2 + (2 - -4 - (1 - -2))?
1
Evaluate 0 - (7 - (-12 - -20)).
1
Calculate 1 + -9 + 13 + -6.
-1
What is (-2 - -3) + (0 - 6)?
-5
Calculate -2 - (2 - (2 + 5)).
3
What is the value of 2 - -4 - (-3 + -3 + 10)?
2
Evaluate 0 + (-3 - -3 - 0).
0
Calculate -38 + 39 + 0 + 4.
5
(-13 - -5) + 4 + (1 - -1)
-2
Evaluate -1 + -12 + 3 - -16.
6
What is the value of (5 - 5) + 1 + 0?
1
7 + -3 - (5 + 1)
-2
What is the value of (2 - 3) + 3 - -3?
5
What is (-7 - -6) + 4 + -2 + 2?
3
Evaluate (5 - -1) + -4 + -6.
-4
-2 - (3 + 1) - (-3 - 0)
-3
What is the value of 4 + -4 + 10 + -8?
2
What is the value of 1 + -3 + 3 - (-2 + 4)?
-1
What is the value of 1 + (2 - (7 - 7))?
3
-3 + 2 - 1 - (-1 + -2)
1
Evaluate -5 + 6 + -5 - (10 - 9).
-5
Evaluate (-3 + 1 - -2) + 0 - 1.
-1
Evaluate (-12 - (-1 + -1)) + 6.
-4
Calculate 73 + -69 - (7 - 0).
-3
What is -2 + 4 + (0 - 2)?
0
What is the value of 6 + -10 - (-8 + 4 - 2)?
2
(-26 - -12) + 13 - (-1 - -1)
-1
0 - 3 - -1 - (2 - 5)
1
Calculate -4 + (2 - 2) + 6 + 2.
4
-3 - (3 - 6) - -1
1
-3 + 5 + 2 - 5 - 4
-5
What is the value of (1 - -1) + 1 - (-47 - -53)?
-3
What is -7 - -1 - (-19 + (1 - -13))?
-1
(-1 - (0 + 7 + -3)) + -1
-6
Evaluate 10 - (17 - (2 + 10)).
5
What is the value of 10 + 5 + -22 + 8?
1
Calculate 6 + 9 + -20 + (-1 - 2).
-8
What is -12 - 1 - (-126 + 123)?
-10
What is 5 + -6 + -15 - (-8 - 0)?
-8
Calculate -11 + 4 + (10 - (4 + 4)).
-5
Evaluate -5 - (10 + (-17 - -11)).
-9
Evaluate -7 - (3 + 0 + 8 + -9).
-9
-1 + -6 + (23 - 20)
-4
What is 0 + -3 + -1 + 3?
-1
-7 + 8 - (5 + 1 + -9)
4
Calculate 0 - (-12 + 6 - -1).
5
What is the value of -6 + 0 + 3 - 0?
-3
What is -1 + (-2 - -10) + -11?
-4
Calculate -3 + (-1 - 5 - -3) + 0.
-6
Evaluate 0 - (0 + (-3 - -8) + 1).
-6
What is 1 - 1 - (16 + -11)?
-5
Evaluate (-2 + (5 - 2) - 3) + 3.
1
Calculate -1 - (-1 - 2 - -5) - -2.
-1
Evaluate 1 + 0 - (-21 + 19).
3
Calculate 21 + -27 + (8 - 2).
0
What is the value of 2 + (5 - 12) - (-1 + -6)?
2
-21 + 24 - (0 - -8)
-5
What is the value of 5 + (-1 - -3 - (-1 + 8))?
0
What is -5 + -2 + 6 + -2?
-3
Calculate 1 - 4 - (1 - 0).
-4
Evaluate -5 + (-1 - (-9 + 9)).
-6
What is -7 - -2 - -8 - 4?
-1
Evaluate -1 + 10 + 2 + -6.
5
What is the value of (-3 - (-1 - -3)) + 9 + -7?
-3
Calculate -1 + -1 - (-5 + (11 - 9)).
1
What is 7 - ((-5 - -10) + 8)?
-6
What is (4 + 2 - 10 - -8) + 3?
7
Evaluate (-4 - (-18 - 4)) + -9.
9
Evaluate -4 + 0 + -6 + -1 + 4.
-7
What is 4 + -3 - (7 + (3 - 8))?
-1
Calculate (37 - 32) + 3 + -1 + -8.
-1
4 + -8 + 0 + -1 + 4
-1
What is (-13 - -4) + -2 - -12?
1
Calculate (-3 + -18 - -24) + 0 + -8.
-5
What is -8 + (-1 + 0 - -5)?
-4
What is (-1 - 1) + 5 + -2 + 2?
3
2 + 4 - (0 + 9)
-3
Calculate -7 + 5 + 0 + (10 - 3).
5
Evaluate -2 + -5 + (-1 + 8 - -2).
2
Evaluate -4 - (2 + -4) - -1.
-1
Evaluate 6 - (2 - (2 + -4 - 2)).
0
Evaluate (0 - 6) + 5 - -1.
0
What is -4 + 17 + -10 + -2?
1
Calculate 5 + -9 + (-2 - -5) + -4.
-5
Calculate -6 + 4 + (3 - 4) - -2.
-1
(2 - 11) + 1 + 4
-4
Evaluate (6 - 4 - -2) + -3 + -6.
-5
Evaluate 3 + (5 + -17 - -8).
-1
What is 6 - 2 - (-1 - 0 - -2)?
3
What is the value of -42 + 41 - (1 + -5) - 10?
-7
Evaluate -2 - (12 + -5 - 5).
-4
What is the value of (-3 - -1) + 2 - -4?
4
What is -4 - ((-34 - -33) + 1 + -1)?
-3
What is the value of -5 + (0 - (9 + -8 + 1))?
-7
What is the value of 31 - (3 - -11) - (8 + 0)?
9
-4 - 0 - -1 - 0
-3
1 + 14 + (-15 - -6)
6
What is the value of (9 - (-7 - -10)) + 1?
7
Evaluate 0 + 2 + 4 + -10.
-4
What is (-11 + 6 + 12 - 17) + 1?
-9
Evaluate 